{"id":26,"date":"2018-07-01T14:32:49","date_gmt":"2018-07-01T12:32:49","guid":{"rendered":"http:\/\/vitamarine-esthetique.re\/?page_id=26"},"modified":"2025-07-30T07:30:21","modified_gmt":"2025-07-30T05:30:21","slug":"contact","status":"publish","type":"page","link":"https:\/\/vitamarine-esthetique.re\/?page_id=26","title":{"rendered":"Contact"},"content":{"rendered":"<article class=\"text-token-text-primary w-full focus:outline-none scroll-mt-[calc(var(--header-height)+min(200px,max(70px,20svh)))]\" dir=\"auto\" tabindex=\"-1\" data-testid=\"conversation-turn-14\" data-scroll-anchor=\"false\" data-turn=\"assistant\">\n<div class=\"text-base my-auto mx-auto [--thread-content-margin:--spacing(4)] @[37rem]:[--thread-content-margin:--spacing(6)] @[72rem]:[--thread-content-margin:--spacing(16)] px-(--thread-content-margin)\">\n<div class=\"[--thread-content-max-width:32rem] @[34rem]:[--thread-content-max-width:40rem] @[64rem]:[--thread-content-max-width:48rem] mx-auto max-w-(--thread-content-max-width) flex-1 group\/turn-messages focus-visible:outline-hidden relative flex w-full min-w-0 flex-col agent-turn\" tabindex=\"-1\">\n<div class=\"flex max-w-full flex-col grow\">\n<div class=\"min-h-8 text-message relative flex w-full flex-col items-end gap-2 text-start break-words whitespace-normal [.text-message+&amp;]:mt-5\" dir=\"auto\" data-message-author-role=\"assistant\" data-message-id=\"b97fecb7-a122-4251-bc0e-89f17a3d0b4a\" data-message-model-slug=\"gpt-4o\">\n<div class=\"flex w-full flex-col gap-1 empty:hidden first:pt-[3px]\">\n<div class=\"markdown prose dark:prose-invert w-full break-words light\">\n<h3 data-start=\"2309\" data-end=\"2338\">\ud83d\udccd Informations pratiques<\/h3>\n<p data-start=\"2340\" data-end=\"2432\">\ud83d\udccc <strong data-start=\"2343\" data-end=\"2354\">Adresse<\/strong> :<br data-start=\"2356\" data-end=\"2359\" \/>7 Mail de Rodrigue \u2013 Immeuble Le Surcouf<br data-start=\"2399\" data-end=\"2402\" \/>97434 L\u2019Hermitage \u2013 La R\u00e9union<\/p>\n<p data-start=\"2434\" data-end=\"2556\">\ud83d\udcc5 <strong data-start=\"2437\" data-end=\"2450\">Ouverture<\/strong> :<br data-start=\"2452\" data-end=\"2455\" \/>Lundi, Mardi, Jeudi, Vendredi : 9h30 \u2013 18h00<br data-start=\"2499\" data-end=\"2502\" \/>Samedi : 9h30 \u2013 17h00<br data-start=\"2523\" data-end=\"2526\" \/><strong data-start=\"2526\" data-end=\"2556\">Uniquement sur rendez-vous<\/strong><\/p>\n<p data-start=\"2558\" data-end=\"2647\">\ud83d\udcde <strong data-start=\"2561\" data-end=\"2572\">Contact<\/strong> :<br data-start=\"2574\" data-end=\"2577\" \/>0692 33 67 27 \/ 0262 24 35 21<br data-start=\"2606\" data-end=\"2609\" \/>\ud83d\udce7 <strong data-start=\"2612\" data-end=\"2647\"><a class=\"cursor-pointer\" rel=\"noopener\" data-start=\"2614\" data-end=\"2645\">vitamarine.esthetique@gmail.com<\/a><\/strong><\/p>\n<hr data-start=\"2649\" data-end=\"2652\" \/>\n<p data-start=\"2654\" data-end=\"2833\" data-is-last-node=\"\" data-is-only-node=\"\">\n<\/div>\n<\/div>\n<\/div>\n<\/div>\n<div class=\"flex min-h-[46px] justify-start\">\n<div class=\"touch:-me-2 touch:-ms-3.5 -ms-2.5 -me-1 flex flex-wrap items-center gap-y-4 p-1 select-none touch:w-[calc(100%+--spacing(3.5))] -mt-1 w-[calc(100%+--spacing(2.5))] duration-[1.5s] focus-within:transition-none hover:transition-none pointer-events-none [mask-image:linear-gradient(to_right,black_33%,transparent_66%)] [mask-size:300%_100%] [mask-position:100%_0%] motion-safe:transition-[mask-position] group-hover\/turn-messages:pointer-events-auto group-hover\/turn-messages:[mask-position:0_0] group-focus-within\/turn-messages:pointer-events-auto group-focus-within\/turn-messages:[mask-position:0_0] has-data-[state=open]:pointer-events-auto has-data-[state=open]:[mask-position:0_0]\"><button class=\"text-token-text-secondary hover:bg-token-bg-secondary rounded-lg\" aria-label=\"Copier\" aria-selected=\"false\" data-testid=\"copy-turn-action-button\" data-state=\"closed\"><\/button><button class=\"text-token-text-secondary hover:bg-token-bg-secondary rounded-lg\" aria-label=\"Bonne r\u00e9ponse\" aria-selected=\"false\" data-testid=\"good-response-turn-action-button\" data-state=\"closed\"><\/button><button class=\"text-token-text-secondary hover:bg-token-bg-secondary rounded-lg\" aria-label=\"Mauvaise r\u00e9ponse\" aria-selected=\"false\" data-testid=\"bad-response-turn-action-button\" data-state=\"closed\"><\/button><button class=\"text-token-text-secondary hover:bg-token-bg-secondary rounded-lg\" aria-label=\"Lire \u00e0 haute voix\" aria-selected=\"false\" data-testid=\"voice-play-turn-action-button\" data-state=\"closed\"><\/button><button class=\"text-token-text-secondary hover:bg-token-bg-secondary rounded-lg\" aria-label=\"Modifier dans le canevas\" aria-selected=\"false\" data-state=\"closed\"><\/button><button class=\"text-token-text-secondary hover:bg-token-bg-secondary rounded-lg\" aria-label=\"Partager\" aria-selected=\"false\" data-state=\"closed\"><\/button><\/p>\n<div class=\"flex items-center\"><\/div>\n<\/div>\n<\/div>\n<div class=\"aria-live=polite absolute\">\n<div class=\"flex items-center justify-center\"><span class=\"flex items-center gap-1.5 select-none\"><span class=\"sr-only whitespace-nowrap! md:not-sr-only\">Demander \u00e0 ChatGPT<\/span><\/span><\/div>\n<\/div>\n<\/div>\n<\/div>\n<\/article>\n<article class=\"text-token-text-primary w-full focus:outline-none scroll-mt-(--header-height)\" dir=\"auto\" tabindex=\"-1\" data-testid=\"conversation-turn-15\" data-scroll-anchor=\"false\" data-turn=\"user\">\n<h5 class=\"sr-only\">Vous avez di<\/h5>\n<\/article>\n<p><a href=\"https:\/\/www.google.fr\/maps\/place\/Vitamarine+Esthetique\/@-21.0736153,55.2200828,17z\/data=!3m1!4b1!4m5!3m4!1s0x218292291a5bd1e3:0xa5b60609e30064b3!8m2!3d-21.0736153!4d55.2222715\" target=\"_blank\" rel=\"noopener\">Cliquer ici pour d&rsquo;autres informations<\/a><\/p>\n<div role=\"form\" class=\"wpcf7\" id=\"wpcf7-f65-o1\" lang=\"fr-FR\" dir=\"ltr\">\n<div class=\"screen-reader-response\"><p role=\"status\" aria-live=\"polite\" aria-atomic=\"true\"><\/p> <ul><\/ul><\/div>\n<form action=\"\/index.php?rest_route=%2Fwp%2Fv2%2Fpages%2F26#wpcf7-f65-o1\" method=\"post\" class=\"wpcf7-form init\" novalidate=\"novalidate\" data-status=\"init\">\n<div style=\"display: none;\">\n<input type=\"hidden\" name=\"_wpcf7\" value=\"65\" \/>\n<input type=\"hidden\" name=\"_wpcf7_version\" value=\"5.3.2\" \/>\n<input type=\"hidden\" name=\"_wpcf7_locale\" value=\"fr_FR\" \/>\n<input type=\"hidden\" name=\"_wpcf7_unit_tag\" value=\"wpcf7-f65-o1\" \/>\n<input type=\"hidden\" name=\"_wpcf7_container_post\" value=\"0\" \/>\n<input type=\"hidden\" name=\"_wpcf7_posted_data_hash\" value=\"\" \/>\n<\/div>\n<p><label> Votre nom (obligatoire)<br \/>\n    <span class=\"wpcf7-form-control-wrap your-name\"><input type=\"text\" name=\"your-name\" value=\"\" size=\"40\" class=\"wpcf7-form-control wpcf7-text wpcf7-validates-as-required\" aria-required=\"true\" aria-invalid=\"false\" \/><\/span> <\/label><\/p>\n<p><label> Votre num\u00e9ro de t\u00e9l\u00e9phone (obligatoire)<br \/>\n<span class=\"wpcf7-form-control-wrap Votretlphone\"><input type=\"tel\" name=\"Votretlphone\" value=\"\" size=\"40\" class=\"wpcf7-form-control wpcf7-text wpcf7-tel wpcf7-validates-as-tel\" aria-invalid=\"false\" \/><\/span> <\/label><\/p>\n<p><label> Votre adresse de messagerie (obligatoire)<br \/>\n    <span class=\"wpcf7-form-control-wrap your-email\"><input type=\"email\" name=\"your-email\" value=\"\" size=\"40\" class=\"wpcf7-form-control wpcf7-text wpcf7-email wpcf7-validates-as-required wpcf7-validates-as-email\" aria-required=\"true\" aria-invalid=\"false\" \/><\/span> <\/label><\/p>\n<p><label> Objet<br \/>\n    <span class=\"wpcf7-form-control-wrap your-subject\"><input type=\"text\" name=\"your-subject\" value=\"\" size=\"40\" class=\"wpcf7-form-control wpcf7-text\" aria-invalid=\"false\" \/><\/span> <\/label><\/p>\n<p><label> Votre message<br \/>\n    <span class=\"wpcf7-form-control-wrap your-message\"><textarea name=\"your-message\" cols=\"40\" rows=\"10\" class=\"wpcf7-form-control wpcf7-textarea\" aria-invalid=\"false\"><\/textarea><\/span> <\/label><\/p>\n<p><input type=\"submit\" value=\"Envoyer\" class=\"wpcf7-form-control wpcf7-submit\" \/><\/p>\n<div class=\"wpcf7-response-output\" aria-hidden=\"true\"><\/div><\/form><\/div>\n<div class=\"vsg-map\"><iframe align=\"left\" width=\"400\" height=\"380\" frameborder=\"0\" scrolling=\"no\" marginheight=\"0\" marginwidth=\"0\" src=\"https:\/\/maps.google.com\/maps?&q=R%C3%A9sidence+du+lagon%2C+Mail+de+Rodrigues%2C+B%C3%A2timent+Surcouf%2C+Saint+Paul+97434%2C+La+R%C3%A9union&amp;cid=&amp;t=m&amp;center=R%C3%A9sidence+du+lagon%2C+Mail+de+Rodrigues%2C+B%C3%A2timent+Surcouf%2C+Saint+Paul+97434%2C+La+R%C3%A9union&output=embed&z=14&iwloc=A&visual_refresh=true\"><\/iframe><\/div>\n","protected":false},"excerpt":{"rendered":"<p>\ud83d\udccd Informations pratiques \ud83d\udccc Adresse :7 Mail de Rodrigue \u2013 Immeuble Le Surcouf97434 L\u2019Hermitage \u2013 La R\u00e9union \ud83d\udcc5 Ouverture :Lundi, Mardi, Jeudi, Vendredi : 9h30 \u2013 18h00Samedi : 9h30 \u2013 17h00Uniquement sur rendez-vous \ud83d\udcde Contact :0692 33 67 27 \/ 0262 24 35 21\ud83d\udce7 vitamarine.esthetique@gmail.com Demander \u00e0 ChatGPT Vous avez di Cliquer ici pour d&rsquo;autres &hellip; <\/p>\n","protected":false},"author":1,"featured_media":0,"parent":0,"menu_order":0,"comment_status":"closed","ping_status":"closed","template":"","meta":[],"_links":{"self":[{"href":"https:\/\/vitamarine-esthetique.re\/index.php?rest_route=\/wp\/v2\/pages\/26"}],"collection":[{"href":"https:\/\/vitamarine-esthetique.re\/index.php?rest_route=\/wp\/v2\/pages"}],"about":[{"href":"https:\/\/vitamarine-esthetique.re\/index.php?rest_route=\/wp\/v2\/types\/page"}],"author":[{"embeddable":true,"href":"https:\/\/vitamarine-esthetique.re\/index.php?rest_route=\/wp\/v2\/users\/1"}],"replies":[{"embeddable":true,"href":"https:\/\/vitamarine-esthetique.re\/index.php?rest_route=%2Fwp%2Fv2%2Fcomments&post=26"}],"version-history":[{"count":17,"href":"https:\/\/vitamarine-esthetique.re\/index.php?rest_route=\/wp\/v2\/pages\/26\/revisions"}],"predecessor-version":[{"id":272,"href":"https:\/\/vitamarine-esthetique.re\/index.php?rest_route=\/wp\/v2\/pages\/26\/revisions\/272"}],"wp:attachment":[{"href":"https:\/\/vitamarine-esthetique.re\/index.php?rest_route=%2Fwp%2Fv2%2Fmedia&parent=26"}],"curies":[{"name":"wp","href":"https:\/\/api.w.org\/{rel}","templated":true}]}}